+ 2*u**2 + 3*u - 5. What is the hundreds digit of o(1)?
4
Suppose -6*s + 3*s = -15. Suppose 2*b - s*d - 87 = 0, d = b + 4*d - 38. What is the tens digit of b?
4
Let h = 546 - -1072. What is the thousands digit of h?
1
Suppose 0 = 26*v - 29*v - 99. Let s = 55 + v. What is the tens digit of s?
2
Let m(i) = -i**2 + 8*i - 10. Suppose -40*d - 24 = -44*d. Let a be m(d). Suppose 5*g = -2*l - 14, -4*l - 2*g = -2 - a. What is the units digit of l?
3
Suppose 0 = -0*j - 5*j + 2*b + 8, -4*j = 5*b + 20. Suppose 4*l - 5*z - 347 = j, 3*l = l + 3*z + 175. What is the tens digit of l?
8
Let w(q) = q**2 + 18*q - 11. Let t be w(-14). Let p = t + 123. What is the units digit of p?
6
Suppose 0 = -5*z + 57 + 3. Suppose z*b = 1972 - 304. What is the units digit of b?
9
Let z be ((-36)/14)/(9/(-63)). Suppose -g + 2*g - 3 = 0. Suppose -g*h = -h - z. What is the units digit of h?
9
Suppose -30*r = -12578 - 44812. What is the units digit of r?
3
Let z = -351 - -802. What is the hundreds digit of z?
4
Let q(l) = -25*l - 1. Let s(m) = -m**2 - 14*m + 8. Let d be s(-14). Let v(n) = 38*n + 1. Let x(r) = d*q(r) + 5*v(r). What is the units digit of x(-3)?
7
Suppose 13470 = -832*d + 847*d. What is the units digit of d?
8
Let g(t) = -47*t - 28. Let y be g(-8). Let o = y + -184. What is the units digit of o?
4
Suppose -2*c - 18 = -0*c. Let d be (8 + c)*(-26)/2. Let u = d + -2. What is the tens digit of u?
1
Suppose 442 - 21 = 3*q + 5*m, -q + 147 = 5*m. What is the tens digit of q?
3
Let x be ((-8)/(-4) - 1)/(-1). What is the units digit of x - 1 - 819/(-13)?
1
Let z be (88/16)/(2/4). Suppose -8*f - 150 = -z*f. What is the tens digit of f?
5
Let r(x) = 96*x**2 - 11*x - 30. What is the hundreds digit of r(-4)?
5
Let d be (12/(-2))/3 - -98. Let j = 207 - d. What is the hundreds digit of j?
1
Let y = -15 - -15. Suppose -4*x = 4*s + 108, y = 4*s - 5*s - 5*x - 7. Let u = 47 + s. What is the tens digit of u?
1
What is the thousands digit of (-30)/90 - (-8828)/6?
1
Let o(j) = -15*j**2 + 13*j - 3. Let q(f) = 2 + 6*f - 4 + 0 - 7*f**2. Let c(d) = 6*o(d) - 13*q(d). What is the units digit of c(-6)?
4
Let a(f) = -9*f - 10. Let s be a(10). Let j = s + 146. What is the units digit of j?
6
Let t(q) = 15*q + 2. Let u be t(0). Suppose 2*j - 2 = j. Suppose 3*c + 5*f - 15 = j*f, -u*c + 5*f = -10. What is the units digit of c?
5
Suppose 4*p + 20 = 0, z + 35 = 6*z - 3*p. Suppose -o + 71 = -z*s, -2*o = 3*o + s - 439. What is the units digit of o?
7
Let h = -1786 - -3440. What is the thousands digit of h?
1
Let k = 14 + -14. Let s(n) = -4*n + 18. Let w be s(0). Suppose -q - q + w = k. What is the units digit of q?
9
Let a be (-82)/26 + (-8)/(-52). Let y(t) = -t**2 - 6*t + 3. What is the tens digit of y(a)?
1
What is the units digit of (-506)/(-5) + (-88)/(-110)?
2
Let k(w) = -w - 4. Suppose 0 = -4*j - 3*u + 28, 0*j - 24 = -3*j - 3*u. Let p be k(j). What is the units digit of p/(-14)*21/6?
2
Let d(n) = -n**3 - 9*n**2 + 6*n + 7. Let t be d(-10). Let j = 69 - t. Suppose j - 121 = -3*p. What is the units digit of p?
3
Suppose u - 4*u + 4*g + 853 = 0, 0 = 3*u + 2*g - 865. Suppose -4*a + u = 3*a. What is the tens digit of a?
4
Suppose 13 = 4*u - 3. Suppose 5*a = 3*m - u*m + 103, -170 = -2*m - a. What is the tens digit of m?
8
Let b(u) = -u**2 - u + 2. Let i be b(-2). Let f = -3 - -8. Suppose -s + 2*s = 3*a - 58, i = a - f*s - 24. What is the units digit of a?
9
Let g = -15 + 34. Suppose -2*x + g = 6*v - v, 5 = 5*v. What is the units digit of x?
7
Suppose -2*c + 5*c = 54. Suppose 60 = -d + 4*d. Let z = d + c. What is the units digit of z?
8
Suppose 0 = 5*q + 4*f + 5, -5*q - 45 = -5*f + f. Suppose 0 = 3*u + 4*a - 2*a + 1, -u + 9 = -4*a. What is the units digit of u + (q - -2) - -12?
0
Let c(t) = -t**3 + 14*t**2 - 18*t + 25. Let v be (0 - -15)*16/20. What is the units digit of c(v)?
7
Suppose 3 = -n, -3*p - 4*n + 1090 = -p. What is the hundreds digit of p?
5
Let q be (78/9 + -1)*-3. Let d = 131 + -171. Let g = q - d. What is the tens digit of g?
1
Suppose -2*o + 177 = 3*z - 2*z, -3*z - 3*o + 534 = 0. Let j = -14 + z. What is the units digit of j?
5
Suppose -q + 4*z + z = -5, 4*z + 88 = 5*q. Suppose -2*c = 3*c + q. What is the units digit of (c + 1 + 2)*-1?
1
Let z(c) be the third derivative of -5*c**2 + 0 - 7/24*c**4 + 1/6*c**3 + 0*c. What is the units digit of z(-1)?
8
Let l = 815 - -911. What is the units digit of l?
6
Suppose 22925 = 27*g - 22273. What is the units digit of g?
4
What is the hundreds digit of 1494*12/54*1?
3
Let l(r) = -142*r - 1185. What is the units digit of l(-22)?
9
Let f(b) be the second derivative of -b**4/12 + 11*b**3/6 + 2*b**2 + b. Suppose o + 2*m - 18 = 0, -4*m + 0*m = 3*o - 46. What is the units digit of f(o)?
4
What is the thousands digit of 5/20 + (-301620)/(-176)?
1
Suppose -2*v = 10, 4*u - 3*v = 5*v + 3004. What is the hundreds digit of u?
7
Let u = 9082 + 9937. What is the units digit of 4/(-18) + u/171?
1
Let d be (-5 + 2)/((-9)/6). Suppose m + 5*a = 104, d*m + 5*a - 3*a = 168. What is the units digit of m?
9
What is the units digit of (-5)/25 - -82*2761/110?
8
Suppose 7*s = -1 + 8. What is the hundreds digit of 642/4 + (s - 3/6)?
1
Let y(l) = 78*l - 7. Let h be y(4). Suppose -5*o = -0*o - h. What is the tens digit of o?
6
Let u = -19 - -13. Let m be ((-37)/(-2))/(u/(-12)). Suppose c - 84 = -2*d, -2*c + 4*c = d - m. What is the tens digit of d?
4
Let t be 2 - 6/2 - -3. Let c(v) = -5*v**2 + 5*v**2 - 3 - v**t - 7*v + 0*v**2. What is the units digit of c(-6)?
3
Suppose 0 = -m + 45 + 19. Let p = -44 + m. Let y = p - 13. What is the units digit of y?
7
Let b = 177 - -126. What is the hundreds digit of b?
3
What is the hundreds digit of (1 - (-180)/8)/(4/112)?
6
Let d(o) be the third derivative of -o**6/720 + 17*o**5/120 - 5*o**4/24 - 3*o**2. Let y(l) be the second derivative of d(l). What is the units digit of y(8)?
9
Suppose 0 = 4*z + 1 - 13. Let u be (-10)/(1 + -3 + z). Let b = u + 21. What is the tens digit of b?
1
Suppose 64210 + 73790 = 75*c. What is the hundreds digit of c?
8
Let r(n) = n**2 + 4. Let f be r(6). Let t be f/(-6)*120/16. What is the units digit of (-2440)/t + 1/5?
9
Let l(c) = 12*c**2 + 2*c - 2. Let p be l(-3). Suppose -d - 2*v = -58, -d + p - 38 = 3*v. Suppose 0*j - d = -2*j. What is the units digit of j?
5
Let s(b) = -b**3 - 6*b**2 + 16*b + 34. What is the tens digit of s(-13)?
0
Suppose 3*f - 7731 = -2*s, -10*s - f = -6*s - 15457. What is the tens digit of s?
6
Let g(b) be the third derivative of -b**4/24 + 19*b**3/6 + 15*b**2. Let y be (4/(-10))/(2/(-40)). What is the units digit of g(y)?
1
Let j be (-1 - -1)*8/16. Suppose 3 = u - j. Suppose u*s + 2*x = 30, 0*s + 2*s - 5*x - 39 = 0. What is the units digit of s?
2
Suppose 5*b = -2*i - 2*i + 362, 3*b - 195 = 5*i. Suppose -4*g = 10*g - b. What is the units digit of g?
5
Suppose -5*b - 7 = -32. Suppose -15 = -c - b. What is the tens digit of c?
1
Let z be 682/242 + 0 + 4/22. Suppose -4*q + 750 = 2*k - 4*k, -939 = -5*q + z*k. What is the tens digit of q?
8
Let n(i) be the first derivative of -2*i**2 - 4*i - 3. Let f be n(-2). Suppose 3*p = 2*t + 11, -f*t - 3*p = -2*p - 13. What is the units digit of t?
2
Let g(v) = -11*v + 1 - 15*v**2 + 12*v - 2*v + 55*v**2. What is the units digit of g(1)?
0
Suppose 4*j - 1553 = 5*a, 0*j - 3*a = -2*j + 775. What is the tens digit of j?
9
Let u be (1 + -2)/(4/(-4)) + 2. Suppose -4 = p - 5*v + 8, -3*v = -2*p - u. What is the units digit of p?
3
Let j be ((-1)/2)/((-2)/(-4)). Let l be j/(-3) - (-35)/(-15). What is the units digit of 1 - (-5 + 4/l)?
8
Suppose -3*i = 23 + 94. Let q = i + 20. Let p = q - -55. What is the tens digit of p?
3
What is the hundreds digit of (11/(-198)*-12)/(4/31134)?
1
Let r be 1221/27 + (-4)/18. Let h be r - (5 + -1 + -3). Let x = -23 + h. What is the tens digit of x?
2
Let f(z) be the second derivative of -z**4/12 - 5*z**3/6 - 3*z**2/2 + 6*z. What is the units digit of f(-3)?
3
Suppose 125 = -4*d + 3*d. Let p be d/(-10)*(-16)/(-5). Let o = p - 18. What is the tens digit of o?
2
What is the units digit of -10*6/48 - (-6546)/8?
7
Suppose r + 2 = 0, -3*j = -4*r - 1076 + 300. What is the hundreds digit of j?
2
Let t = 756 + -487. What is the units digit of t?
9
Let t = 42 - 26. Let w(u) = u**2 - 17*u + 34. What is the units digit of w(t)?
8
Suppose 2*f